it of y(s)?
1
Suppose -2*u - 2*v = -12, 5*v - 3*v = u - 9. What is the units digit of u?
7
What is the tens digit of (-4 - -1) + 4 - -12?
1
Suppose 0 = 5*v - 14 + 44. Suppose 5*x + 2*g + 1 = -13, -4*x - 3*g = 14. What is the units digit of (x + -3 + v)*-1?
1
Let d = -36 + 22. What is the tens digit of (-200)/d + (-2)/7?
1
Let f = 7 - 3. Suppose -5 = -f*w - 1. What is the units digit of (w + -2)*0 + 1?
1
Let t(z) = z + 2. Suppose r - 2*m - 4 = 0, -24 - 48 = -5*r - 3*m. What is the units digit of t(r)?
4
Suppose 56 = -4*a - 8. Let i = 36 + a. Suppose -i = -2*k + 2*r, -5*k = 3*r - 4 - 22. What is the units digit of k?
7
Suppose -2*z - 32 - 8 = 0. Let d = 42 + z. Suppose -c + d = c. What is the units digit of c?
1
Let p be (-4 + 1)/((-6)/8). Suppose r = 22 + 8. Suppose 3*j + 4*i = r, -p*i + 3 = -j + 13. What is the units digit of j?
0
Suppose 4*f - 25 = 79. What is the tens digit of f?
2
Let o be (-28)/(-6) + 6/(-9). Suppose 2*l + 0*l - o = 0. Suppose 0 = -4*c + 2*f + 16, -l*f + 9 = -2*c + 3*c. What is the units digit of c?
5
Suppose 3 = p - 1. Suppose 4*r - q - 17 = -2*q, r = q + 8. Let b = r - p. What is the units digit of b?
1
Let x(n) = -n**3 - 5*n**2 + 6*n + 40. What is the tens digit of x(-5)?
1
Suppose -4*k = -3*k - 14. Let o = -1 - -5. Let a = k - o. What is the tens digit of a?
1
Suppose -u = 2*x - 10, -3*x = x + u - 24. What is the units digit of x?
7
Suppose -2*x + 49 + 179 = 0. What is the tens digit of x?
1
Suppose 2*h = h + 2*l - 6, -3*h = -3*l + 18. Let a(w) be the second derivative of -2*w**3/3 - 3*w**2 - 4*w. What is the tens digit of a(h)?
1
Suppose -8*f + 3*f - 10 = 0. What is the tens digit of ((-33 - -2) + f)/(-1)?
3
Let x(r) be the first derivative of 3*r**2/2 - 2*r - 1. Let n be x(3). Let m = n + -5. What is the units digit of m?
2
Let b(w) = w + 11. Let s be b(-7). Suppose a - 2*a + 33 = s*m, 0 = a + 5*m - 34. What is the units digit of a?
9
Let z(s) be the second derivative of -s**3/3 - 4*s**2 - 3*s. What is the units digit of z(-10)?
2
Let v = -3 + 3. Suppose 0*z + z - 1 = v. What is the units digit of z?
1
Let y be ((-63)/(-12))/((-3)/(-16)). Let m = y - 21. What is the units digit of m?
7
Let d(j) = j**3 + 8*j**2 + 5*j - 7. Let f = 5 - 12. What is the units digit of d(f)?
7
Let m = -5 - -9. Let f be (-2 + 18)/(-2 + m). Suppose 2*q = -f, -q + 6*q - 8 = -4*u. What is the units digit of u?
7
Let d be ((-81)/(-2))/((-10)/(-20)). Let t = d - 25. Suppose -2*g + 17 + 1 = 3*m, 4*g = 4*m + t. What is the tens digit of g?
1
Let w(j) = 6*j**3 + 2*j**2 - 1. Let x be w(-1). Let s = 8 + x. Let g = s + -2. What is the units digit of g?
1
Let u(q) be the first derivative of 5/2*q**2 - 5/3*q**3 - 2*q - 2 - 1/4*q**4. What is the units digit of u(-6)?
4
Let q(m) be the first derivative of m**4/4 - m**3 - 5*m**2/2 + 6*m - 3. Let v be q(5). Let f = -21 + v. What is the tens digit of f?
1
Let o = 61 + -24. Suppose 5*j = -4*i + o, i - 1 + 8 = 2*j. Suppose -8 = -3*d + j*a, -4*d + a + 5 = -0. What is the units digit of d?
1
Suppose 0 = 3*m + 2*m. Suppose -u - 2*u + 12 = m. What is the units digit of u?
4
Suppose -5*a - 21 = 4*u, -2*a = -0*a - 4*u + 14. Let h be (51/a)/((-2)/10). What is the units digit of (-1)/(-3)*h/1?
7
Suppose 0 - 12 = -4*c. Suppose -w + 3*w + 2*u - 10 = 0, 16 = c*w + 4*u. What is the units digit of w?
4
Let y(w) = 2*w**3 + w**2 - 2 - w + 0*w**2 + w**2 - 4*w**3. What is the units digit of y(-2)?
4
Let o be 1/(4/2)*-14. Let k = -4 - o. Suppose -k - 57 = -5*n. What is the tens digit of n?
1
Suppose 0 = 5*u + 5*t - 220, -2*t + 140 = 3*u - 3*t. What is the tens digit of u?
4
Let p(u) = u**2 - 5 - 9 + 3. Let a be p(0). Let q = a + 19. What is the units digit of q?
8
Let i be (2 - 208)/(-2) - -2. Suppose -5*y + 10 = -2*a - 81, -i = -5*y - 5*a. What is the units digit of y?
9
Let t be (-22 - -3) + -1 + -1. Let g = t + 41. What is the tens digit of g?
2
Let r = 88 - 14. What is the units digit of r?
4
Let c = -20 - -19. What is the units digit of c/(0 + 4/(-84))?
1
Suppose -8*a + 4*q - 40 = -4*a, -12 = 4*a + 3*q. What is the units digit of (-11)/a - (-3)/18?
2
Suppose 10*o - 8*o - 164 = 0. What is the tens digit of o?
8
Let v(t) = t**3 - 4*t**2 + 4*t. Let l be v(3). Suppose -8*j = -l*j + 10. Let c(u) = u**2 + 2*u + 3. What is the units digit of c(j)?
3
What is the hundreds digit of (0 + 2)/((-828)/(-411) - 2)?
1
Let o(u) = -18*u + 26. What is the hundreds digit of o(-9)?
1
Let d = 36 - 14. Suppose d = 3*c - 83. What is the units digit of c?
5
Let t be (-1)/((-33)/(-16) - 2). Let n = 10 + t. Let a(u) = u**2 + 6*u + 2. What is the units digit of a(n)?
2
Let s(n) = 44*n**2. What is the tens digit of s(-2)?
7
Let v be 2 - 0*2/(-6). What is the units digit of (v + -2 + -4)*-2?
8
Let d = 92 - 68. Suppose -3*p = -4*h - 1 - 3, p = 2*h + 2. Suppose d = 4*k - p*k. What is the units digit of k?
6
Let a = -16 - -18. Let i(d) = 5*d. Let n(y) = -16*y. Let k(l) = 7*i(l) + 2*n(l). What is the units digit of k(a)?
6
Let u = 2 + 53. What is the units digit of u?
5
Suppose -s + 196 = 3*k, -s - 4*s + 961 = -4*k. What is the tens digit of s?
9
Let n(b) = -5*b + 36. Let g be n(8). Let p = -19 - -10. Let m = g - p. What is the units digit of m?
5
Let c(s) be the second derivative of 2*s**3/3 - 6*s**2 - 3*s. What is the units digit of c(9)?
4
Suppose 124 = 3*w + v, 0 = -0*w + w - 3*v - 48. Let q be 1/(3 - w/15). Suppose 13 = p - q. What is the tens digit of p?
1
Let v(w) = 14*w**3 - w. Let t be v(-1). Let o = -5 - t. What is the tens digit of o*(45/12 - 2)?
1
Let c(a) = a + 12. Let i be c(-6). Suppose 29 = 3*g + 5*n, n = -i*g + 3*g + 49. What is the tens digit of g?
1
Let d = 494 + -270. What is the units digit of d?
4
Let o = -54 + 100. What is the tens digit of o?
4
Let o(b) = 15*b**2 - 1. Let z be o(-1). Suppose 0 = -2*t + 2 + z. Suppose -d + t = 1. What is the units digit of d?
7
Let t(i) = 5*i**3 + 3*i**2. Let x(y) = -y**3 - 1. Let l(d) = -t(d) - 4*x(d). Let c(j) = j**2 - 6*j - 4. Let p be c(6). What is the units digit of l(p)?
0
Suppose -2*j = -2*n + 24, -4*n - 6*j + 4*j = -48. What is the tens digit of n?
1
Suppose -s - 2*b - b - 7 = 0, -2*b = 6. Suppose 2*a = 3*a - s*n - 3, 5*n - 77 = -4*a. What is the units digit of a?
3
Let c = -92 - -156. What is the units digit of c?
4
Let l be 2/5 - 133/(-5). Suppose -l = -5*f - 7. Let a = 0 + f. What is the units digit of a?
4
Let p(o) be the first derivative of 5*o**2/2 + o + 8. What is the units digit of p(3)?
6
Let k(l) = -2*l - 7. Suppose 0 = 4*n - 163 + 31. Let f(h) = 15*h + 57. Let s(z) = n*k(z) + 4*f(z). What is the units digit of s(-3)?
5
Suppose 8*f + 696 = 20*f. What is the units digit of f?
8
Let r(m) = m**2 - 1. Let i be r(-1). Let q = 2 - i. Suppose -5*y - 5*w = 5, -4*y + 0 + q = w. What is the units digit of y?
1
Suppose -5*u = 2*p - 16, 0 = 3*p - 4*u + 8 - 32. Let i(d) = -d**2 + 1. Let z be i(-1). Suppose z = 4*k + p - 28. What is the units digit of k?
5
Let i = -303 + 445. What is the tens digit of i?
4
Suppose -t + 14 = -12. Suppose 4*q + 3*g - 5 = -6, 5*q + 30 = 2*g. What is the tens digit of (t/q)/((-2)/4)?
1
Let s = 301 - 180. What is the units digit of s?
1
Let i(a) = 7*a - 11 + 2*a + a - a. What is the units digit of i(5)?
4
Let j be (20/(-3))/(5/(-45)). Let y = -43 + j. What is the tens digit of y?
1
Let n(y) = 5*y**3 - y**2 - y + 1. Let m be n(2). Let t = 86 - m. What is the tens digit of t?
5
Let r = 7 + -3. Suppose -7*y = -r*y, -3 = -f + 2*y. What is the units digit of f?
3
Let a = -26 - -173. Suppose 5*d + 5*x = 195, 4*x - a = -4*d + 3*x. What is the units digit of d?
6
Let z be 8*(15/(-6))/(-5). Suppose 0 = 4*l - 4*v + 4, 24 = -z*l + 2*v - 3*v. Let c(t) = t**3 + 6*t**2 + 3*t - 5. What is the units digit of c(l)?
5
Suppose 24 = 2*o - 3*a, 0*o - 5*a - 32 = -2*o. What is the units digit of o?
6
Suppose -5*x + 4*d = -40, -3*d + 5*d = 4*x - 26. Suppose -2*m - 10 = -x*m. Suppose -m*u + 33 + 32 = 0. What is the tens digit of u?
1
What is the tens digit of 30/(-105) + (-485)/(-7)?
6
Let m(v) = -v + 14. Let s be m(10). Suppose i + 2*i = -s*t + 39, 3*i = t + 24. What is the units digit of i?
9
Let v = 188 + -103. What is the tens digit of v?
8
Suppose 17 - 97 = -5*m. Suppose -j + m = 3*j. What is the units digit of j?
4
Let n(t) = -16*t - 1. Let x be ((-9)/(-6))/((-9)/12). What is the t